ommon factor of 224 and 392?
56
Calculate the greatest common divisor of 174 and 21.
3
What is the greatest common divisor of 125 and 5?
5
Calculate the greatest common divisor of 131 and 5.
1
Calculate the greatest common factor of 144 and 315.
9
What is the greatest common factor of 2497 and 143?
11
Calculate the greatest common factor of 1115 and 1561.
223
Calculate the greatest common divisor of 5656 and 14.
14
What is the highest common divisor of 534 and 6?
6
Calculate the highest common divisor of 225 and 15525.
225
Calculate the highest common divisor of 6 and 1194.
6
What is the highest common divisor of 12 and 726?
6
What is the highest common divisor of 13 and 39?
13
What is the greatest common factor of 88 and 1592?
8
Calculate the greatest common divisor of 946 and 172.
86
Calculate the greatest common divisor of 1691 and 89.
89
What is the highest common factor of 80 and 992?
16
Calculate the highest common factor of 574 and 294.
14
What is the highest common factor of 80 and 592?
16
What is the greatest common divisor of 123 and 12?
3
What is the highest common divisor of 33 and 44?
11
Calculate the greatest common divisor of 32 and 1752.
8
Calculate the highest common divisor of 636 and 42.
6
Calculate the greatest common divisor of 6 and 32.
2
Calculate the greatest common factor of 1740 and 15.
15
What is the highest common factor of 40 and 500?
20
Calculate the highest common factor of 16282 and 42.
14
Calculate the highest common divisor of 247 and 156.
13
Calculate the highest common divisor of 104 and 260.
52
Calculate the highest common divisor of 9 and 135.
9
Calculate the greatest common divisor of 13 and 3601.
13
Calculate the highest common divisor of 352 and 10032.
176
What is the highest common factor of 1248 and 78?
78
Calculate the highest common divisor of 3729 and 3.
3
Calculate the greatest common factor of 63 and 1008.
63
Calculate the greatest common factor of 15 and 165.
15
What is the greatest common factor of 86 and 86?
86
What is the highest common factor of 12 and 4668?
12
Calculate the greatest common divisor of 4 and 600.
4
Calculate the greatest common divisor of 28 and 3199.
7
What is the greatest common factor of 266 and 42?
14
Calculate the highest common factor of 34 and 36.
2
What is the greatest common factor of 450 and 270?
90
Calculate the highest common factor of 250 and 70.
10
Calculate the greatest common divisor of 204 and 2091.
51
What is the greatest common divisor of 356 and 4?
4
Calculate the highest common divisor of 55 and 55.
55
What is the highest common factor of 130 and 26?
26
Calculate the highest common divisor of 29 and 1.
1
What is the greatest common divisor of 118 and 2?
2
What is the highest common factor of 55 and 176?
11
Calculate the greatest common divisor of 15 and 375.
15
What is the highest common divisor of 1127 and 3?
1
Calculate the highest common divisor of 89 and 712.
89
What is the highest common factor of 30 and 432?
6
What is the greatest common factor of 472 and 648?
8
What is the greatest common divisor of 4067 and 49?
49
Calculate the greatest common divisor of 53 and 477.
53
Calculate the greatest common factor of 148 and 555.
37
What is the highest common divisor of 16038 and 198?
198
Calculate the highest common factor of 45 and 10.
5
What is the greatest common divisor of 7 and 889?
7
Calculate the highest common factor of 1722 and 6150.
246
What is the highest common factor of 9259 and 1379?
197
What is the highest common factor of 128 and 1324?
4
Calculate the highest common factor of 4 and 9696.
4
Calculate the highest common factor of 1716 and 528.
132
What is the highest common divisor of 23 and 161?
23
What is the highest common divisor of 189 and 108?
27
What is the highest common divisor of 28977 and 3?
3
What is the greatest common divisor of 224 and 3108?
28
Calculate the highest common factor of 12485 and 22.
11
What is the greatest common divisor of 84 and 732?
12
Calculate the highest common divisor of 2220 and 12.
12
Calculate the highest common divisor of 3141 and 9.
9
What is the highest common factor of 77 and 833?
7
Calculate the greatest common divisor of 14464 and 1130.
226
Calculate the greatest common divisor of 9 and 2.
1
Calculate the greatest common divisor of 76 and 28.
4
What is the greatest common divisor of 18 and 66?
6
Calculate the greatest common divisor of 134 and 3082.
134
What is the greatest common factor of 4080 and 300?
60
What is the greatest common divisor of 11 and 319?
11
Calculate the greatest common factor of 3503 and 62.
31
Calculate the highest common divisor of 24 and 588.
12
Calculate the greatest common divisor of 48 and 336.
48
Calculate the greatest common divisor of 34 and 306.
34
Calculate the greatest common divisor of 44 and 319.
11
Calculate the highest common divisor of 22 and 66.
22
What is the highest common divisor of 28 and 1169?
7
Calculate the greatest common divisor of 198 and 1881.
99
Calculate the highest common factor of 2 and 262.
2
What is the highest common factor of 226 and 5?
1
What is the greatest common factor of 4147 and 286?
143
What is the highest common factor of 28 and 1225?
7
What is the greatest common factor of 693 and 5247?
99
Calculate the highest common divisor of 5620 and 20.
20
Calculate the greatest common divisor of 36 and 162.
18
Calculate the greatest common factor of 15093 and 18.
9
Calculate the greatest common divisor of 243 and 891.
81
Calculate the greatest common divisor of 565 and 226.
113
Calculate the highest common factor of 6479 and 2717.
209
What is the greatest common divisor of 6 and 111?
3
Calculate the greatest common divisor of 60 and 510.
30
What is the greatest common divisor of 2950 and 50?
50
What is the highest common divisor of 88 and 256?
8
Calculate the highest common divisor of 151 and 2567.
151
What is the greatest common divisor of 78 and 18?
6
What is the greatest common divisor of 24 and 186?
6
What is the highest common divisor of 220 and 1760?
220
What is the highest common factor of 14 and 119?
7
Calculate the highest common factor of 7 and 16.
1
Calculate the greatest common divisor of 432 and 16.
16
What is the highest common factor of 6784 and 128?
128
What is the highest common divisor of 106 and 11183?
53
What is the greatest common factor of 58 and 2?
2
Calculate the greatest common factor of 472 and 16.
8
Calculate the highest common factor of 10 and 970.
10
What is the greatest common divisor of 494 and 39?
13
What is the greatest common divisor of 41 and 1107?
41
What is the highest common factor of 247 and 57?
19
Calculate the greatest common divisor of 32 and 1376.
32
What is the highest common divisor of 180 and 2790?
90
What is the greatest common factor of 10 and 895?
5
What is the greatest common factor of 3752 and 737?
67
Calculate the highest common factor of 253 and 92.
23
What is the highest common divisor of 36 and 132?
12
What is the highest common factor of 119 and 63?
7
Calculate the greatest common factor of 1595 and 440.
55
What is the greatest common factor of 52 and 650?
26
Calculate the greatest common divisor of 424 and 106.
106
Calculate the greatest common factor of 27 and 26.
1
What is the greatest common factor of 3638 and 391?
17
What is the greatest common factor of 15472 and 16?
16
What is the greatest common factor of 30 and 3370?
10
What is the highest common divisor of 6280 and 80?
40
What is the highest common factor of 2079 and 264?
33
What is the greatest common factor of 126 and 5502?
42
What is the highest common divisor of 78 and 1209?
39
Calculate the greatest common divisor of 48 and 588.
12
Calculate the highest common divisor of 1073 and 148.
37
Calculate the highest common factor of 15 and 17265.
15
What is the greatest common factor of 145 and 25?
5
What is the greatest common divisor of 3575 and 130?
65
What is the greatest common factor of 231 and 6666?
33
Calculate the highest common factor of 18112 and 1415.
283
What is the greatest common factor of 1078 and 132?
22
Calculate the greatest common factor of 40 and 1160.
40
Calculate the greatest common factor of 7 and 35.
7
What is the highest common factor of 4 and 7?
1
Calculate the greatest common divisor of 77 and 7.
